{"id":574,"date":"2014-12-06T11:26:40","date_gmt":"2014-12-06T11:26:40","guid":{"rendered":"http:\/\/www.pierorlando.it\/?page_id=574"},"modified":"2020-12-27T19:15:07","modified_gmt":"2020-12-27T19:15:07","slug":"biennale-di-venezia-2","status":"publish","type":"page","link":"https:\/\/www.pierorlando.it\/?page_id=574","title":{"rendered":"Biennale di Venezia"},"content":{"rendered":"<p>&nbsp;<\/p>\n<p style=\"text-align: justify;\">La Biennale di Venezia \u00e8 un&nbsp;traguardo prestigioso e importante, ma pur sempre una tappa&nbsp;e mai un punto di arrivo. L&#8217;esperienza dell&#8217;Arte \u00e8&nbsp;un percorso,&nbsp;un cammino,&nbsp;un viatico,&nbsp;un viaggio,&nbsp;proprio come la vita di ciascuno&nbsp;di noi.<\/p>\n<p style=\"text-align: justify;\">\u00abViaggiare \u00e8 molto utile, fa lavorare l&#8217;immaginazione, il resto \u00e8 solo delusioni e pene. Il viaggio che ci \u00e8 dato \u00e8 interamente immaginario: ecco la sua forza, va dalla vita alla morte. Uomini, bestie, citt\u00e0 e cose: \u00e8 tutto inventato\u00bb &#8211;&nbsp;<em>Viaggio al termine della notte<\/em> di Louis-Ferdinand C\u00e9line.<\/p>\n<p style=\"text-align: justify;\"><span style=\"color: #ffffff;\">..<\/span><\/p>\n<p><span style=\"color: #ffffff;\"> <a href=\"http:\/\/www.pierorlando.it\/wp-content\/uploads\/2014\/12\/NYC-Sunset-macro-3.jpg\"><img loading=\"lazy\" decoding=\"async\" class=\"aligncenter size-full wp-image-872\" src=\"http:\/\/www.pierorlando.it\/wp-content\/uploads\/2014\/12\/NYC-Sunset-macro-3.jpg\" alt=\"NYC Sunset - macro 3\" width=\"1000\" height=\"666\" srcset=\"https:\/\/www.pierorlando.it\/wp-content\/uploads\/2014\/12\/NYC-Sunset-macro-3.jpg 1000w, https:\/\/www.pierorlando.it\/wp-content\/uploads\/2014\/12\/NYC-Sunset-macro-3-300x199.jpg 300w\" sizes=\"auto, (max-width: 767px) 89vw, (max-width: 1000px) 54vw, (max-width: 1071px) 543px, 580px\" \/><\/a> .<\/span><\/p>\n","protected":false},"excerpt":{"rendered":"<p>&nbsp; La Biennale di Venezia \u00e8 un&nbsp;traguardo prestigioso e importante, ma pur sempre una tappa&nbsp;e mai un punto di arrivo. L&#8217;esperienza dell&#8217;Arte \u00e8&nbsp;un percorso,&nbsp;un cammino,&nbsp;un viatico,&nbsp;un viaggio,&nbsp;proprio come la vita di ciascuno&nbsp;di noi. \u00abViaggiare \u00e8 molto utile, fa lavorare l&#8217;immaginazione, il resto \u00e8 solo delusioni e pene. Il viaggio che ci \u00e8 dato \u00e8 interamente &hellip; <\/p>\n<p class=\"link-more\"><a href=\"https:\/\/www.pierorlando.it\/?page_id=574\" class=\"more-link\">Leggi tutto<span class=\"screen-reader-text\"> &#8220;Biennale di Venezia&#8221;<\/span><\/a><\/p>\n","protected":false},"author":1,"featured_media":0,"parent":0,"menu_order":0,"comment_status":"closed","ping_status":"closed","template":"","meta":{"footnotes":""},"class_list":["post-574","page","type-page","status-publish","hentry"],"_links":{"self":[{"href":"https:\/\/www.pierorlando.it\/index.php?rest_route=\/wp\/v2\/pages\/574","targetHints":{"allow":["GET"]}}],"collection":[{"href":"https:\/\/www.pierorlando.it\/index.php?rest_route=\/wp\/v2\/pages"}],"about":[{"href":"https:\/\/www.pierorlando.it\/index.php?rest_route=\/wp\/v2\/types\/page"}],"author":[{"embeddable":true,"href":"https:\/\/www.pierorlando.it\/index.php?rest_route=\/wp\/v2\/users\/1"}],"replies":[{"embeddable":true,"href":"https:\/\/www.pierorlando.it\/index.php?rest_route=%2Fwp%2Fv2%2Fcomments&post=574"}],"version-history":[{"count":11,"href":"https:\/\/www.pierorlando.it\/index.php?rest_route=\/wp\/v2\/pages\/574\/revisions"}],"predecessor-version":[{"id":2061,"href":"https:\/\/www.pierorlando.it\/index.php?rest_route=\/wp\/v2\/pages\/574\/revisions\/2061"}],"wp:attachment":[{"href":"https:\/\/www.pierorlando.it\/index.php?rest_route=%2Fwp%2Fv2%2Fmedia&parent=574"}],"curies":[{"name":"wp","href":"https:\/\/api.w.org\/{rel}","templated":true}]}}