{"id":1471,"date":"2014-12-16T08:11:09","date_gmt":"2014-12-16T08:11:09","guid":{"rendered":"http:\/\/www.pierorlando.it\/?page_id=1471"},"modified":"2025-06-17T22:10:29","modified_gmt":"2025-06-17T20:10:29","slug":"maredentro-2-2","status":"publish","type":"page","link":"https:\/\/www.pierorlando.it\/?page_id=1471","title":{"rendered":"Maredentro"},"content":{"rendered":"<p>Mare dentro, in alto mare \u2013 dentro,<br \/>\nsenza peso\u00a0nel fondo,<br \/>\ndove si avvera il sogno,<br \/>\ndue volont\u00e0\u00a0che fanno vero<br \/>\nun desiderio nell&#8217;incontro.<\/p>\n<p>Un bacio accende la vita<br \/>\ncon il fragore luminoso di una<br \/>\nsaetta, il mio corpo cambiato non \u00e8<br \/>\npi\u00f9 il mio corpo, \u00e8 come penetrare<br \/>\nal centro\u00a0dell&#8217;universo.<\/p>\n<p>L&#8217;abbraccio pi\u00f9 infantile,<br \/>\ne il pi\u00f9 puro dei\u00a0baci<br \/>\nfino a vederci trasformati in<br \/>\nun unico desiderio<\/p>\n<p>Il tuo sguardo il mio sguardo,<br \/>\ncome un&#8217;eco\u00a0che va ripetendo, senza parole<br \/>\npi\u00f9 dentro,\u00a0pi\u00f9 dentro,<br \/>\nfino al di l\u00e0 del tutto,<br \/>\nattraverso\u00a0il sangue e il midollo.<\/p>\n<p>Per\u00f2 sempre mi sveglio,<br \/>\nmentre sempre io voglio\u00a0essere morto,<br \/>\nperch\u00e9 io con la mia bocca\u00a0resti sempre<br \/>\ndentro la rete dei tuoi capelli.<\/p>\n<p>(&#8220;Mar adentro&#8221;,\u00a0Ramon Sampedro)<\/p>\n<p><span style=\"color: #ffffff;\">.<\/span><\/p>\n<p>A mio padre Antonio Orlando<\/p>\n<p><span style=\"color: #ffffff;\">.<\/span><\/p>\n<p><a href=\"http:\/\/www.pierorlando.it\/wp-content\/uploads\/2016\/05\/IMG_2477.jpg\"><img loading=\"lazy\" decoding=\"async\" class=\"aligncenter size-full wp-image-1806\" src=\"http:\/\/www.pierorlando.it\/wp-content\/uploads\/2016\/05\/IMG_2477.jpg\" alt=\"\" width=\"3264\" height=\"2448\" srcset=\"https:\/\/www.pierorlando.it\/wp-content\/uploads\/2016\/05\/IMG_2477.jpg 3264w, https:\/\/www.pierorlando.it\/wp-content\/uploads\/2016\/05\/IMG_2477-300x225.jpg 300w, https:\/\/www.pierorlando.it\/wp-content\/uploads\/2016\/05\/IMG_2477-1024x768.jpg 1024w, https:\/\/www.pierorlando.it\/wp-content\/uploads\/2016\/05\/IMG_2477-624x468.jpg 624w\" sizes=\"auto, (max-width: 767px) 89vw, (max-width: 1000px) 54vw, (max-width: 1071px) 543px, 580px\" \/><\/a><\/p>\n<p><span style=\"color: #ffffff;\">.<\/span><\/p>\n<p>&nbsp;<\/p>\n","protected":false},"excerpt":{"rendered":"<p>Mare dentro, in alto mare \u2013 dentro, senza peso\u00a0nel fondo, dove si avvera il sogno, due volont\u00e0\u00a0che fanno vero un desiderio nell&#8217;incontro. Un bacio accende la vita con il fragore luminoso di una saetta, il mio corpo cambiato non \u00e8 pi\u00f9 il mio corpo, \u00e8 come penetrare al centro\u00a0dell&#8217;universo. L&#8217;abbraccio pi\u00f9 infantile, e il pi\u00f9 &hellip; <\/p>\n<p class=\"link-more\"><a href=\"https:\/\/www.pierorlando.it\/?page_id=1471\" class=\"more-link\">Leggi tutto<span class=\"screen-reader-text\"> &#8220;Maredentro&#8221;<\/span><\/a><\/p>\n","protected":false},"author":1,"featured_media":0,"parent":0,"menu_order":0,"comment_status":"closed","ping_status":"closed","template":"","meta":{"footnotes":""},"class_list":["post-1471","page","type-page","status-publish","hentry"],"_links":{"self":[{"href":"https:\/\/www.pierorlando.it\/index.php?rest_route=\/wp\/v2\/pages\/1471","targetHints":{"allow":["GET"]}}],"collection":[{"href":"https:\/\/www.pierorlando.it\/index.php?rest_route=\/wp\/v2\/pages"}],"about":[{"href":"https:\/\/www.pierorlando.it\/index.php?rest_route=\/wp\/v2\/types\/page"}],"author":[{"embeddable":true,"href":"https:\/\/www.pierorlando.it\/index.php?rest_route=\/wp\/v2\/users\/1"}],"replies":[{"embeddable":true,"href":"https:\/\/www.pierorlando.it\/index.php?rest_route=%2Fwp%2Fv2%2Fcomments&post=1471"}],"version-history":[{"count":12,"href":"https:\/\/www.pierorlando.it\/index.php?rest_route=\/wp\/v2\/pages\/1471\/revisions"}],"predecessor-version":[{"id":2821,"href":"https:\/\/www.pierorlando.it\/index.php?rest_route=\/wp\/v2\/pages\/1471\/revisions\/2821"}],"wp:attachment":[{"href":"https:\/\/www.pierorlando.it\/index.php?rest_route=%2Fwp%2Fv2%2Fmedia&parent=1471"}],"curies":[{"name":"wp","href":"https:\/\/api.w.org\/{rel}","templated":true}]}}